{"id":48,"date":"2024-01-04T10:21:40","date_gmt":"2024-01-04T10:21:40","guid":{"rendered":"https:\/\/regeneracjawalownapedowych.skydoo.com.pl\/?page_id=48"},"modified":"2024-01-04T15:20:30","modified_gmt":"2024-01-04T15:20:30","slug":"kontakt","status":"publish","type":"page","link":"https:\/\/regeneracjawalownapedowych.skydoo.com.pl\/?page_id=48","title":{"rendered":"Kontakt"},"content":{"rendered":"\t\t<div data-elementor-type=\"wp-page\" data-elementor-id=\"48\" class=\"elementor elementor-48\" data-elementor-post-type=\"page\">\n\t\t\t\t<div class=\"elementor-element elementor-element-a618af1 e-flex e-con-boxed e-con e-parent\" data-id=\"a618af1\" data-element_type=\"container\">\n\t\t\t\t\t<div class=\"e-con-inner\">\n\t\t<div class=\"elementor-element elementor-element-fa42bc6 e-con-full e-flex e-con e-child\" data-id=\"fa42bc6\" data-element_type=\"container\">\n\t\t\t\t<div class=\"elementor-element elementor-element-85739f0 link elementor-widget elementor-widget-text-editor\" data-id=\"85739f0\" data-element_type=\"widget\" data-widget_type=\"text-editor.default\">\n\t\t\t\t<div class=\"elementor-widget-container\">\n\t\t\t\t\t\t\t\t\t<h3>Kontakt<\/h3><p>VIP AUTO SERWIS WA\u0141Y NAP\u0118DOWE<\/p><p><strong>05-092 \u0141omianki<\/strong><br \/>ul. Kolejowa 89 (przy trasie E7)<br \/>tel.: 602 133 145 &#8211; regeneracja i serwis wa\u0142\u00f3w,<br \/>tel.: 660 995 944 &#8211; regeneracja i serwis wa\u0142\u00f3w,<br \/>tel.: 502 940 160 &#8211; cz\u0119\u015bci &#8211; krzy\u017caki wa\u0142\u00f3w, podpory, przeguby, nowe wa\u0142y.<\/p><p>email: regeneracjawalow@wp.pl<\/p><p><span class=\"marker\"><a href=\"http:\/\/www.regeneracjawalownapedowych.pl\/\">www.regeneracjawalownapedowych.pl<\/a><\/span><\/p><p><span class=\"marker\"><a href=\"http:\/\/www.vipautoserwis.com\/\">www.vipautoserwis.com<\/a><\/span><\/p><p><a href=\"http:\/\/napedowe-waly.pl\/\"><span class=\"marker\">www.napedowe-waly.pl<\/span><\/a><\/p><p><span class=\"marker\"><a href=\"http:\/\/www.kardanwelle-service.de\/\" target=\"_blank\" rel=\"noopener\">www.kardanwelle-service.de<\/a><\/span><\/p><p><span class=\"marker\"><a href=\"http:\/\/www.propshaft-service.fr\/\" target=\"_blank\" rel=\"noopener\">www.propshaft-service.fr<\/a><\/span><\/p><p><span class=\"marker\"><a href=\"https:\/\/driveshaft24.eu\/pl\/index\" target=\"_blank\" rel=\"noopener\">www.driveshaft24.eu<\/a><\/span><\/p><p>\u00a0<\/p><p><strong>Godziny pracy:<\/strong><\/p><p>Poniedzia\u0142ek &#8211; Pi\u0105tek 8-17<\/p><p>Sobota &#8211; po wcze\u015bniejszym uzgodnieniu.<\/p><p>\u00a0<\/p><p><strong>Aby wyceni\u0107 koszt przesy\u0142ki i wys\u0142a\u0107 do nas wa\u0142 wystarczy wej\u015b\u0107 na stron\u0119\u00a0<a href=\"http:\/\/www.furgonetka.pl\/\" target=\"_blank\" rel=\"noopener\">www.furgonetka.pl<\/a><\/strong><\/p>\t\t\t\t\t\t\t\t<\/div>\n\t\t\t\t<\/div>\n\t\t\t\t<\/div>\n\t\t<div class=\"elementor-element elementor-element-edba276 e-con-full e-flex e-con e-child\" data-id=\"edba276\" data-element_type=\"container\">\n\t\t\t\t<div class=\"elementor-element elementor-element-015ad89 elementor-widget elementor-widget-google_maps\" data-id=\"015ad89\" data-element_type=\"widget\" data-widget_type=\"google_maps.default\">\n\t\t\t\t<div class=\"elementor-widget-container\">\n\t\t\t\t\t\t\t<div class=\"elementor-custom-embed\">\n\t\t\t<iframe loading=\"lazy\"\n\t\t\t\t\tsrc=\"https:\/\/maps.google.com\/maps?q=VIP%20Auto%20Serwis%20Blacharstwo%20-%20Lakiernictwo%2C%20Naprawy%20Powypadkowe%2C%20Mechanika%20Pojazdowa%2C%20Wulkanizacja.&#038;t=m&#038;z=14&#038;output=embed&#038;iwloc=near\"\n\t\t\t\t\ttitle=\"VIP Auto Serwis Blacharstwo - Lakiernictwo, Naprawy Powypadkowe, Mechanika Pojazdowa, Wulkanizacja.\"\n\t\t\t\t\taria-label=\"VIP Auto Serwis Blacharstwo - Lakiernictwo, Naprawy Powypadkowe, Mechanika Pojazdowa, Wulkanizacja.\"\n\t\t\t><\/iframe>\n\t\t<\/div>\n\t\t\t\t\t\t<\/div>\n\t\t\t\t<\/div>\n\t\t\t\t<div class=\"elementor-element elementor-element-944b8cf elementor-widget elementor-widget-heading\" data-id=\"944b8cf\" data-element_type=\"widget\" data-widget_type=\"heading.default\">\n\t\t\t\t<div class=\"elementor-widget-container\">\n\t\t\t\t\t<h2 class=\"elementor-heading-title elementor-size-default\">Napisz do nas\n<\/h2>\t\t\t\t<\/div>\n\t\t\t\t<\/div>\n\t\t\t\t<div class=\"elementor-element elementor-element-c2a41b1 elementor-button-align-stretch elementor-widget elementor-widget-form\" data-id=\"c2a41b1\" data-element_type=\"widget\" data-settings=\"{&quot;step_next_label&quot;:&quot;Next&quot;,&quot;step_previous_label&quot;:&quot;Previous&quot;,&quot;button_width&quot;:&quot;100&quot;,&quot;step_type&quot;:&quot;number_text&quot;,&quot;step_icon_shape&quot;:&quot;circle&quot;}\" data-widget_type=\"form.default\">\n\t\t\t\t<div class=\"elementor-widget-container\">\n\t\t\t\t\t\t\t<form class=\"elementor-form\" method=\"post\" name=\"New Form\">\n\t\t\t<input type=\"hidden\" name=\"post_id\" value=\"48\"\/>\n\t\t\t<input type=\"hidden\" name=\"form_id\" value=\"c2a41b1\"\/>\n\t\t\t<input type=\"hidden\" name=\"referer_title\" value=\"\" \/>\n\n\t\t\t\n\t\t\t<div class=\"elementor-form-fields-wrapper elementor-labels-above\">\n\t\t\t\t\t\t\t\t<div class=\"elementor-field-type-email elementor-field-group elementor-column elementor-field-group-email elementor-col-100 elementor-field-required\">\n\t\t\t\t\t\t\t\t\t\t\t\t<label for=\"form-field-email\" class=\"elementor-field-label\">\n\t\t\t\t\t\t\t\temail:\t\t\t\t\t\t\t<\/label>\n\t\t\t\t\t\t\t\t\t\t\t\t\t\t<input size=\"1\" type=\"email\" name=\"form_fields[email]\" id=\"form-field-email\" class=\"elementor-field elementor-size-xs  elementor-field-textual\" required=\"required\" aria-required=\"true\">\n\t\t\t\t\t\t\t\t\t\t\t<\/div>\n\t\t\t\t\t\t\t\t<div class=\"elementor-field-type-tel elementor-field-group elementor-column elementor-field-group-field_4d3f381 elementor-col-100 elementor-field-required\">\n\t\t\t\t\t\t\t\t\t\t\t\t<label for=\"form-field-field_4d3f381\" class=\"elementor-field-label\">\n\t\t\t\t\t\t\t\ttelefon:\t\t\t\t\t\t\t<\/label>\n\t\t\t\t\t\t\t\t<input size=\"1\" type=\"tel\" name=\"form_fields[field_4d3f381]\" id=\"form-field-field_4d3f381\" class=\"elementor-field elementor-size-xs  elementor-field-textual\" required=\"required\" aria-required=\"true\" pattern=\"[0-9()#&amp;+*-=.]+\" title=\"Akceptowane s\u0105 jedynie cyfry i znaki telefoniczne (#,-,*).\">\n\n\t\t\t\t\t\t<\/div>\n\t\t\t\t\t\t\t\t<div class=\"elementor-field-type-textarea elementor-field-group elementor-column elementor-field-group-message elementor-col-100\">\n\t\t\t\t\t\t\t\t\t\t\t\t<label for=\"form-field-message\" class=\"elementor-field-label\">\n\t\t\t\t\t\t\t\ttre\u015b\u0107:\t\t\t\t\t\t\t\t<\/label>\n\t\t\t\t\t\t<textarea class=\"elementor-field-textual elementor-field  elementor-size-xs\" name=\"form_fields[message]\" id=\"form-field-message\" rows=\"4\"><\/textarea>\t\t\t\t<\/div>\n\t\t\t\t\t\t\t\t<div class=\"elementor-field-group elementor-column elementor-field-type-submit elementor-col-100 e-form__buttons\">\n\t\t\t\t\t<button class=\"elementor-button elementor-size-sm\" type=\"submit\">\n\t\t\t\t\t\t<span class=\"elementor-button-content-wrapper\">\n\t\t\t\t\t\t\t\t\t\t\t\t\t\t\t\t\t\t\t\t\t\t<span class=\"elementor-button-text\">Wy\u015blij<\/span>\n\t\t\t\t\t\t\t\t\t\t\t\t\t<\/span>\n\t\t\t\t\t<\/button>\n\t\t\t\t<\/div>\n\t\t\t<\/div>\n\t\t<\/form>\n\t\t\t\t\t\t<\/div>\n\t\t\t\t<\/div>\n\t\t\t\t<\/div>\n\t\t\t\t\t<\/div>\n\t\t\t\t<\/div>\n\t\t<div class=\"elementor-element elementor-element-07a4a88 e-flex e-con-boxed e-con e-parent\" data-id=\"07a4a88\" data-element_type=\"container\">\n\t\t\t\t\t<div class=\"e-con-inner\">\n\t\t\t\t<div class=\"elementor-element elementor-element-d7cee18 elementor-widget-divider--view-line elementor-widget elementor-widget-divider\" data-id=\"d7cee18\" data-element_type=\"widget\" data-widget_type=\"divider.default\">\n\t\t\t\t<div class=\"elementor-widget-container\">\n\t\t\t\t\t\t\t<div class=\"elementor-divider\">\n\t\t\t<span class=\"elementor-divider-separator\">\n\t\t\t\t\t\t<\/span>\n\t\t<\/div>\n\t\t\t\t\t\t<\/div>\n\t\t\t\t<\/div>\n\t\t\t\t<div class=\"elementor-element elementor-element-eb97b67 link elementor-widget elementor-widget-text-editor\" data-id=\"eb97b67\" data-element_type=\"widget\" data-widget_type=\"text-editor.default\">\n\t\t\t\t<div class=\"elementor-widget-container\">\n\t\t\t\t\t\t\t\t\t<div class=\"container\"><div class=\"container\"><div class=\"container\"><div class=\"container\"><div>Regeneracja wa\u0142\u00f3w nap\u0119dowych. Wa\u0142y nap\u0119dowe Cardana. Wa\u0142y nap\u0119dowe Warszawa. Wa\u0142y p\u0119dne. Wywa\u017canie wa\u0142\u00f3w.<\/div><\/div><\/div><\/div><\/div><footer class=\"footer\"><div class=\"container\">\u00a0<\/div><\/footer>\t\t\t\t\t\t\t\t<\/div>\n\t\t\t\t<\/div>\n\t\t\t\t\t<\/div>\n\t\t\t\t<\/div>\n\t\t\t\t<\/div>\n\t\t","protected":false},"excerpt":{"rendered":"<p>Kontakt VIP AUTO SERWIS WA\u0141Y NAP\u0118DOWE 05-092 \u0141omiankiul. Kolejowa 89 (przy trasie E7)tel.: 602 133 145 &#8211; regeneracja i serwis wa\u0142\u00f3w,tel.: 660 995 944 &#8211; regeneracja i serwis wa\u0142\u00f3w,tel.: 502 940 160 &#8211; cz\u0119\u015bci &#8211; krzy\u017caki wa\u0142\u00f3w, podpory, przeguby, nowe wa\u0142y. email: regeneracjawalow@wp.pl www.regeneracjawalownapedowych.pl www.vipautoserwis.com www.napedowe-waly.pl www.kardanwelle-service.de www.propshaft-service.fr www.driveshaft24.eu \u00a0 Godziny pracy: Poniedzia\u0142ek &#8211; Pi\u0105tek [&hellip;]<\/p>\n","protected":false},"author":1,"featured_media":0,"parent":0,"menu_order":0,"comment_status":"closed","ping_status":"closed","template":"elementor_header_footer","meta":{"footnotes":""},"class_list":["post-48","page","type-page","status-publish","hentry"],"_links":{"self":[{"href":"https:\/\/regeneracjawalownapedowych.skydoo.com.pl\/index.php?rest_route=\/wp\/v2\/pages\/48","targetHints":{"allow":["GET"]}}],"collection":[{"href":"https:\/\/regeneracjawalownapedowych.skydoo.com.pl\/index.php?rest_route=\/wp\/v2\/pages"}],"about":[{"href":"https:\/\/regeneracjawalownapedowych.skydoo.com.pl\/index.php?rest_route=\/wp\/v2\/types\/page"}],"author":[{"embeddable":true,"href":"https:\/\/regeneracjawalownapedowych.skydoo.com.pl\/index.php?rest_route=\/wp\/v2\/users\/1"}],"replies":[{"embeddable":true,"href":"https:\/\/regeneracjawalownapedowych.skydoo.com.pl\/index.php?rest_route=%2Fwp%2Fv2%2Fcomments&post=48"}],"version-history":[{"count":58,"href":"https:\/\/regeneracjawalownapedowych.skydoo.com.pl\/index.php?rest_route=\/wp\/v2\/pages\/48\/revisions"}],"predecessor-version":[{"id":297,"href":"https:\/\/regeneracjawalownapedowych.skydoo.com.pl\/index.php?rest_route=\/wp\/v2\/pages\/48\/revisions\/297"}],"wp:attachment":[{"href":"https:\/\/regeneracjawalownapedowych.skydoo.com.pl\/index.php?rest_route=%2Fwp%2Fv2%2Fmedia&parent=48"}],"curies":[{"name":"wp","href":"https:\/\/api.w.org\/{rel}","templated":true}]}}