{"id":32,"date":"2024-01-04T10:20:20","date_gmt":"2024-01-04T10:20:20","guid":{"rendered":"https:\/\/regeneracjawalownapedowych.skydoo.com.pl\/?page_id=32"},"modified":"2024-01-04T15:47:18","modified_gmt":"2024-01-04T15:47:18","slug":"zagniatanie-krzyzakow","status":"publish","type":"page","link":"https:\/\/regeneracjawalownapedowych.skydoo.com.pl\/?page_id=32","title":{"rendered":"Zagniatanie krzy\u017cak\u00f3w"},"content":{"rendered":"\t\t<div data-elementor-type=\"wp-page\" data-elementor-id=\"32\" class=\"elementor elementor-32\" data-elementor-post-type=\"page\">\n\t\t\t\t<div class=\"elementor-element elementor-element-9dae7ca e-flex e-con-boxed e-con e-parent\" data-id=\"9dae7ca\" data-element_type=\"container\">\n\t\t\t\t\t<div class=\"e-con-inner\">\n\t\t\t\t<div class=\"elementor-element elementor-element-ad8cff8 link elementor-widget elementor-widget-heading\" data-id=\"ad8cff8\" data-element_type=\"widget\" data-widget_type=\"heading.default\">\n\t\t\t\t<div class=\"elementor-widget-container\">\n\t\t\t\t\t<h2 class=\"elementor-heading-title elementor-size-default\">Zagniatanie krzy\u017cak\u00f3w w wa\u0142ach nap\u0119dowych Cardana. Regeneracja dr\u0105\u017ck\u00f3w kolumny kierowniczej. Wymiana krzy\u017cak\u00f3w zaprasowanych.\n<\/h2>\t\t\t\t<\/div>\n\t\t\t\t<\/div>\n\t\t\t\t<div class=\"elementor-element elementor-element-05dd2f4 elementor-widget elementor-widget-image\" data-id=\"05dd2f4\" data-element_type=\"widget\" data-widget_type=\"image.default\">\n\t\t\t\t<div class=\"elementor-widget-container\">\n\t\t\t\t\t\t\t\t\t\t\t\t\t\t\t<img fetchpriority=\"high\" decoding=\"async\" width=\"800\" height=\"262\" src=\"https:\/\/regeneracjawalownapedowych.skydoo.com.pl\/wp-content\/uploads\/2024\/01\/krzyzaki-zagniatane-stemplowane-1024x335.jpg\" class=\"attachment-large size-large wp-image-161\" alt=\"\" srcset=\"https:\/\/regeneracjawalownapedowych.skydoo.com.pl\/wp-content\/uploads\/2024\/01\/krzyzaki-zagniatane-stemplowane-1024x335.jpg 1024w, https:\/\/regeneracjawalownapedowych.skydoo.com.pl\/wp-content\/uploads\/2024\/01\/krzyzaki-zagniatane-stemplowane-300x98.jpg 300w, https:\/\/regeneracjawalownapedowych.skydoo.com.pl\/wp-content\/uploads\/2024\/01\/krzyzaki-zagniatane-stemplowane-768x251.jpg 768w, https:\/\/regeneracjawalownapedowych.skydoo.com.pl\/wp-content\/uploads\/2024\/01\/krzyzaki-zagniatane-stemplowane.jpg 1447w\" sizes=\"(max-width: 800px) 100vw, 800px\" \/>\t\t\t\t\t\t\t\t\t\t\t\t\t\t\t<\/div>\n\t\t\t\t<\/div>\n\t\t\t\t<div class=\"elementor-element elementor-element-0b06287 elementor-widget elementor-widget-text-editor\" data-id=\"0b06287\" data-element_type=\"widget\" data-widget_type=\"text-editor.default\">\n\t\t\t\t<div class=\"elementor-widget-container\">\n\t\t\t\t\t\t\t\t\t<p><strong>Coraz cz\u0119\u015bciej krzy\u017caki w wale kardana i dr\u0105\u017ckach kolumny kierowniczej zamiast tradycyjnym pier\u015bcieniem segera zabezpieczane s\u0105 poprzez zagniatanie (stemplowanie, zaklepanie)\u00a0<\/strong>np. Mercedes Vito, Mercedes Sprinter, VW Crafter, Ford Transit, Honda CRV, Toyota Rav 4. Zagniatany jest nie krzy\u017cak lecz ucho wa\u0142u kardana, w kt\u00f3rym ten krzy\u017cak jest osadzony. Zagniatanie wykonujemy specjalnymi stemplami na r\u0119cznej prasie mechanicznej.<\/p><p>W przypadku wa\u0142\u00f3w z krzy\u017cakami zagniatanymi brak jest w wide\u0142kach rowk\u00f3w na pier\u015bcienie osadcze.\u00a0<strong>Wed\u0142ug serwis\u00f3w ASO takie krzy\u017caki s\u0105 niewymienne i nale\u017cy kupi\u0107 nowy wa\u0142&#8230; Nasz serwis wymienia takie krzy\u017caki od wielu lat. Posiadamy du\u017ce do\u015bwiadczenie, wiedz\u0119 i odpowiednie narz\u0119dzia do wymiany krzy\u017cak\u00f3w &#8222;niewymiennych&#8221;.<\/strong>\u00a0Najtrudniejsz\u0105 i najwa\u017cniejsz\u0105 czynno\u015bci\u0105 w trakcie wymiany takiego krzy\u017caka jest jego wyosiowanie. Brak pokrycia osi krzy\u017caka z osi\u0105 wa\u0142u nap\u0119dowego spowoduje bicie oraz uniemo\u017cliwi jego wywa\u017cenie.\u00a0<\/p>\t\t\t\t\t\t\t\t<\/div>\n\t\t\t\t<\/div>\n\t\t\t\t<div class=\"elementor-element elementor-element-4e3017c elementor-widget elementor-widget-image\" data-id=\"4e3017c\" data-element_type=\"widget\" data-widget_type=\"image.default\">\n\t\t\t\t<div class=\"elementor-widget-container\">\n\t\t\t\t\t\t\t\t\t\t\t\t\t\t\t<img decoding=\"async\" width=\"800\" height=\"600\" src=\"https:\/\/regeneracjawalownapedowych.skydoo.com.pl\/wp-content\/uploads\/2024\/01\/krzyzak-zagniatany-stemplowany-wymiana-1024x768.jpg\" class=\"attachment-large size-large wp-image-162\" alt=\"\" srcset=\"https:\/\/regeneracjawalownapedowych.skydoo.com.pl\/wp-content\/uploads\/2024\/01\/krzyzak-zagniatany-stemplowany-wymiana-1024x768.jpg 1024w, https:\/\/regeneracjawalownapedowych.skydoo.com.pl\/wp-content\/uploads\/2024\/01\/krzyzak-zagniatany-stemplowany-wymiana-300x225.jpg 300w, https:\/\/regeneracjawalownapedowych.skydoo.com.pl\/wp-content\/uploads\/2024\/01\/krzyzak-zagniatany-stemplowany-wymiana-768x576.jpg 768w, https:\/\/regeneracjawalownapedowych.skydoo.com.pl\/wp-content\/uploads\/2024\/01\/krzyzak-zagniatany-stemplowany-wymiana-1536x1152.jpg 1536w, https:\/\/regeneracjawalownapedowych.skydoo.com.pl\/wp-content\/uploads\/2024\/01\/krzyzak-zagniatany-stemplowany-wymiana.jpg 2016w\" sizes=\"(max-width: 800px) 100vw, 800px\" \/>\t\t\t\t\t\t\t\t\t\t\t\t\t\t\t<\/div>\n\t\t\t\t<\/div>\n\t\t\t\t<div class=\"elementor-element elementor-element-72a9873 elementor-widget elementor-widget-text-editor\" data-id=\"72a9873\" data-element_type=\"widget\" data-widget_type=\"text-editor.default\">\n\t\t\t\t<div class=\"elementor-widget-container\">\n\t\t\t\t\t\t\t\t\t<p>Bardzo cz\u0119sto trafiaj\u0105 do nas wa\u0142y, kt\u00f3re pr\u00f3bowali naprawia\u0107 mechanicy nie posiadaj\u0105cy odpowiednich narz\u0119dzi oraz wiedzy jak poprawnie wymieni\u0107 zagniatane \u0142o\u017cyska. Niestety zazwyczaj krzy\u017cak wymaga ponownej wymiany a cz\u0119sto trzeba r\u00f3wnie\u017c wymienia\u0107 wide\u0142ki, w kt\u00f3rych krzy\u017cak zosta\u0142 osadzony.<\/p>\t\t\t\t\t\t\t\t<\/div>\n\t\t\t\t<\/div>\n\t\t\t\t<div class=\"elementor-element elementor-element-d468044 elementor-widget elementor-widget-image\" data-id=\"d468044\" data-element_type=\"widget\" data-widget_type=\"image.default\">\n\t\t\t\t<div class=\"elementor-widget-container\">\n\t\t\t\t\t\t\t\t\t\t\t\t\t\t\t<img decoding=\"async\" width=\"692\" height=\"922\" src=\"https:\/\/regeneracjawalownapedowych.skydoo.com.pl\/wp-content\/uploads\/2024\/01\/prasa-do-zagniatania-krzyzakow-s.jpg\" class=\"attachment-large size-large wp-image-163\" alt=\"\" srcset=\"https:\/\/regeneracjawalownapedowych.skydoo.com.pl\/wp-content\/uploads\/2024\/01\/prasa-do-zagniatania-krzyzakow-s.jpg 692w, https:\/\/regeneracjawalownapedowych.skydoo.com.pl\/wp-content\/uploads\/2024\/01\/prasa-do-zagniatania-krzyzakow-s-225x300.jpg 225w\" sizes=\"(max-width: 692px) 100vw, 692px\" \/>\t\t\t\t\t\t\t\t\t\t\t\t\t\t\t<\/div>\n\t\t\t\t<\/div>\n\t\t\t\t<div class=\"elementor-element elementor-element-7b2bedb elementor-widget elementor-widget-text-editor\" data-id=\"7b2bedb\" data-element_type=\"widget\" data-widget_type=\"text-editor.default\">\n\t\t\t\t<div class=\"elementor-widget-container\">\n\t\t\t\t\t\t\t\t\t<p>Przegub krzy\u017cakowy kardana po prawid\u0142owo wykonanej wymianie zagniecionego krzy\u017caka.<\/p>\t\t\t\t\t\t\t\t<\/div>\n\t\t\t\t<\/div>\n\t\t\t\t\t<\/div>\n\t\t\t\t<\/div>\n\t\t<div class=\"elementor-element elementor-element-5f2e20e e-flex e-con-boxed e-con e-parent\" data-id=\"5f2e20e\" data-element_type=\"container\">\n\t\t\t\t\t<div class=\"e-con-inner\">\n\t\t<div class=\"elementor-element elementor-element-6f54ecf e-con-full e-flex e-con e-child\" data-id=\"6f54ecf\" data-element_type=\"container\">\n\t\t\t\t<div class=\"elementor-element elementor-element-0b7a3fd elementor-widget elementor-widget-image\" data-id=\"0b7a3fd\" data-element_type=\"widget\" data-widget_type=\"image.default\">\n\t\t\t\t<div class=\"elementor-widget-container\">\n\t\t\t\t\t\t\t\t\t\t\t\t\t\t\t<img loading=\"lazy\" decoding=\"async\" width=\"394\" height=\"399\" src=\"https:\/\/regeneracjawalownapedowych.skydoo.com.pl\/wp-content\/uploads\/2024\/01\/krzyzak-powtornie-zagnieciony.jpg\" class=\"attachment-large size-large wp-image-164\" alt=\"\" srcset=\"https:\/\/regeneracjawalownapedowych.skydoo.com.pl\/wp-content\/uploads\/2024\/01\/krzyzak-powtornie-zagnieciony.jpg 394w, https:\/\/regeneracjawalownapedowych.skydoo.com.pl\/wp-content\/uploads\/2024\/01\/krzyzak-powtornie-zagnieciony-296x300.jpg 296w\" sizes=\"(max-width: 394px) 100vw, 394px\" \/>\t\t\t\t\t\t\t\t\t\t\t\t\t\t\t<\/div>\n\t\t\t\t<\/div>\n\t\t\t\t<\/div>\n\t\t<div class=\"elementor-element elementor-element-34439a0 e-con-full e-flex e-con e-child\" data-id=\"34439a0\" data-element_type=\"container\">\n\t\t\t\t<div class=\"elementor-element elementor-element-f2376cc elementor-widget elementor-widget-image\" data-id=\"f2376cc\" data-element_type=\"widget\" data-widget_type=\"image.default\">\n\t\t\t\t<div class=\"elementor-widget-container\">\n\t\t\t\t\t\t\t\t\t\t\t\t\t\t\t<img loading=\"lazy\" decoding=\"async\" width=\"800\" height=\"537\" src=\"https:\/\/regeneracjawalownapedowych.skydoo.com.pl\/wp-content\/uploads\/2024\/01\/wal-aluminiowy-1024x687.jpg\" class=\"attachment-large size-large wp-image-165\" alt=\"\" srcset=\"https:\/\/regeneracjawalownapedowych.skydoo.com.pl\/wp-content\/uploads\/2024\/01\/wal-aluminiowy-1024x687.jpg 1024w, https:\/\/regeneracjawalownapedowych.skydoo.com.pl\/wp-content\/uploads\/2024\/01\/wal-aluminiowy-300x201.jpg 300w, https:\/\/regeneracjawalownapedowych.skydoo.com.pl\/wp-content\/uploads\/2024\/01\/wal-aluminiowy-768x515.jpg 768w, https:\/\/regeneracjawalownapedowych.skydoo.com.pl\/wp-content\/uploads\/2024\/01\/wal-aluminiowy.jpg 1173w\" sizes=\"(max-width: 800px) 100vw, 800px\" \/>\t\t\t\t\t\t\t\t\t\t\t\t\t\t\t<\/div>\n\t\t\t\t<\/div>\n\t\t\t\t<\/div>\n\t\t\t\t\t<\/div>\n\t\t\t\t<\/div>\n\t\t<div class=\"elementor-element elementor-element-33fc4ea e-flex e-con-boxed e-con e-parent\" data-id=\"33fc4ea\" data-element_type=\"container\">\n\t\t\t\t\t<div class=\"e-con-inner\">\n\t\t\t\t<div class=\"elementor-element elementor-element-4ea61e6 elementor-widget elementor-widget-text-editor\" data-id=\"4ea61e6\" data-element_type=\"widget\" data-widget_type=\"text-editor.default\">\n\t\t\t\t<div class=\"elementor-widget-container\">\n\t\t\t\t\t\t\t\t\t<p>Przyk\u0142ad przer\u00f3bki przegubu kardana z zagniatanego na zabezpieczany segerami.<\/p>\t\t\t\t\t\t\t\t<\/div>\n\t\t\t\t<\/div>\n\t\t\t\t<div class=\"elementor-element elementor-element-46e51af elementor-widget elementor-widget-image\" data-id=\"46e51af\" data-element_type=\"widget\" data-widget_type=\"image.default\">\n\t\t\t\t<div class=\"elementor-widget-container\">\n\t\t\t\t\t\t\t\t\t\t\t\t\t\t\t<img loading=\"lazy\" decoding=\"async\" width=\"575\" height=\"432\" src=\"https:\/\/regeneracjawalownapedowych.skydoo.com.pl\/wp-content\/uploads\/2024\/01\/przerobka-zagniatanego-na-segery1.jpg\" class=\"attachment-large size-large wp-image-169\" alt=\"\" srcset=\"https:\/\/regeneracjawalownapedowych.skydoo.com.pl\/wp-content\/uploads\/2024\/01\/przerobka-zagniatanego-na-segery1.jpg 575w, https:\/\/regeneracjawalownapedowych.skydoo.com.pl\/wp-content\/uploads\/2024\/01\/przerobka-zagniatanego-na-segery1-300x225.jpg 300w\" sizes=\"(max-width: 575px) 100vw, 575px\" \/>\t\t\t\t\t\t\t\t\t\t\t\t\t\t\t<\/div>\n\t\t\t\t<\/div>\n\t\t\t\t<div class=\"elementor-element elementor-element-0a87a1e link elementor-widget elementor-widget-heading\" data-id=\"0a87a1e\" data-element_type=\"widget\" data-widget_type=\"heading.default\">\n\t\t\t\t<div class=\"elementor-widget-container\">\n\t\t\t\t\t<h2 class=\"elementor-heading-title elementor-size-default\">Poni\u017cej zamieszczamy kilka przyk\u0142ad\u00f3w \u017ale wykonanej us\u0142ugi wymiany krzy\u017caka zagniatanego.\n<\/h2>\t\t\t\t<\/div>\n\t\t\t\t<\/div>\n\t\t\t\t<div class=\"elementor-element elementor-element-40a28fc elementor-widget elementor-widget-text-editor\" data-id=\"40a28fc\" data-element_type=\"widget\" data-widget_type=\"text-editor.default\">\n\t\t\t\t<div class=\"elementor-widget-container\">\n\t\t\t\t\t\t\t\t\t<p>Przyk\u0142ad nieprawid\u0142owego zabezpieczenia krzy\u017caka &#8211; zaspawane ucho &#8211; kolejna wymiana krzy\u017caka b\u0119dzie wi\u0105za\u0142a si\u0119 z wymian\u0105 z\u0142\u0105cza rurowego. W tym przypadku koszt naprawy wa\u0142u nap\u0119dowego b\u0119dzie wy\u017cszy.<\/p>\t\t\t\t\t\t\t\t<\/div>\n\t\t\t\t<\/div>\n\t\t\t\t<div class=\"elementor-element elementor-element-62fb15f elementor-widget elementor-widget-image\" data-id=\"62fb15f\" data-element_type=\"widget\" data-widget_type=\"image.default\">\n\t\t\t\t<div class=\"elementor-widget-container\">\n\t\t\t\t\t\t\t\t\t\t\t\t\t\t\t<img loading=\"lazy\" decoding=\"async\" width=\"800\" height=\"600\" src=\"https:\/\/regeneracjawalownapedowych.skydoo.com.pl\/wp-content\/uploads\/2024\/01\/zaspawane-miski.jpg\" class=\"attachment-large size-large wp-image-170\" alt=\"\" srcset=\"https:\/\/regeneracjawalownapedowych.skydoo.com.pl\/wp-content\/uploads\/2024\/01\/zaspawane-miski.jpg 800w, https:\/\/regeneracjawalownapedowych.skydoo.com.pl\/wp-content\/uploads\/2024\/01\/zaspawane-miski-300x225.jpg 300w, https:\/\/regeneracjawalownapedowych.skydoo.com.pl\/wp-content\/uploads\/2024\/01\/zaspawane-miski-768x576.jpg 768w\" sizes=\"(max-width: 800px) 100vw, 800px\" \/>\t\t\t\t\t\t\t\t\t\t\t\t\t\t\t<\/div>\n\t\t\t\t<\/div>\n\t\t\t\t<div class=\"elementor-element elementor-element-f244bfb elementor-widget elementor-widget-text-editor\" data-id=\"f244bfb\" data-element_type=\"widget\" data-widget_type=\"text-editor.default\">\n\t\t\t\t<div class=\"elementor-widget-container\">\n\t\t\t\t\t\t\t\t\t<p>Przyk\u0142ad nieprawid\u0142owego (nie)zabezpieczenia krzy\u017caka wa\u0142u p\u0119dnego &#8211; bardzo niebezpieczny dla u\u017cytkownika. \u0141o\u017cyska krzy\u017caka nie s\u0105 zagniecione i mog\u0105 w ka\u017cdej chwili wysun\u0105\u0107 si\u0119 ze z\u0142\u0105cza.<\/p>\t\t\t\t\t\t\t\t<\/div>\n\t\t\t\t<\/div>\n\t\t\t\t<div class=\"elementor-element elementor-element-b73a4ad elementor-widget elementor-widget-image\" data-id=\"b73a4ad\" data-element_type=\"widget\" data-widget_type=\"image.default\">\n\t\t\t\t<div class=\"elementor-widget-container\">\n\t\t\t\t\t\t\t\t\t\t\t\t\t\t\t<img loading=\"lazy\" decoding=\"async\" width=\"640\" height=\"480\" src=\"https:\/\/regeneracjawalownapedowych.skydoo.com.pl\/wp-content\/uploads\/2024\/01\/zapunktowany-krzyzak.jpg\" class=\"attachment-large size-large wp-image-171\" alt=\"\" srcset=\"https:\/\/regeneracjawalownapedowych.skydoo.com.pl\/wp-content\/uploads\/2024\/01\/zapunktowany-krzyzak.jpg 640w, https:\/\/regeneracjawalownapedowych.skydoo.com.pl\/wp-content\/uploads\/2024\/01\/zapunktowany-krzyzak-300x225.jpg 300w\" sizes=\"(max-width: 640px) 100vw, 640px\" \/>\t\t\t\t\t\t\t\t\t\t\t\t\t\t\t<\/div>\n\t\t\t\t<\/div>\n\t\t\t\t<div class=\"elementor-element elementor-element-1f156ca elementor-widget elementor-widget-text-editor\" data-id=\"1f156ca\" data-element_type=\"widget\" data-widget_type=\"text-editor.default\">\n\t\t\t\t<div class=\"elementor-widget-container\">\n\t\t\t\t\t\t\t\t\t<p>Oto co potrafi zrobi\u0107 niewykwalifikowany mechanik.<\/p>\t\t\t\t\t\t\t\t<\/div>\n\t\t\t\t<\/div>\n\t\t\t\t<div class=\"elementor-element elementor-element-e426fba elementor-widget elementor-widget-image\" data-id=\"e426fba\" data-element_type=\"widget\" data-widget_type=\"image.default\">\n\t\t\t\t<div class=\"elementor-widget-container\">\n\t\t\t\t\t\t\t\t\t\t\t\t\t\t\t<img loading=\"lazy\" decoding=\"async\" width=\"800\" height=\"450\" src=\"https:\/\/regeneracjawalownapedowych.skydoo.com.pl\/wp-content\/uploads\/2024\/01\/krzyzak-zagiatany.jpg\" class=\"attachment-large size-large wp-image-172\" alt=\"\" srcset=\"https:\/\/regeneracjawalownapedowych.skydoo.com.pl\/wp-content\/uploads\/2024\/01\/krzyzak-zagiatany.jpg 1024w, https:\/\/regeneracjawalownapedowych.skydoo.com.pl\/wp-content\/uploads\/2024\/01\/krzyzak-zagiatany-300x169.jpg 300w, https:\/\/regeneracjawalownapedowych.skydoo.com.pl\/wp-content\/uploads\/2024\/01\/krzyzak-zagiatany-768x432.jpg 768w\" sizes=\"(max-width: 800px) 100vw, 800px\" \/>\t\t\t\t\t\t\t\t\t\t\t\t\t\t\t<\/div>\n\t\t\t\t<\/div>\n\t\t\t\t<div class=\"elementor-element elementor-element-5f16595 elementor-widget elementor-widget-text-editor\" data-id=\"5f16595\" data-element_type=\"widget\" data-widget_type=\"text-editor.default\">\n\t\t\t\t<div class=\"elementor-widget-container\">\n\t\t\t\t\t\t\t\t\t<p>Zaspawany krzy\u017cak &#8211; materia\u0142 zosta\u0142 utwardzony spawem, z\u0142\u0105cze ko\u0142nierzowe nadaje sie tylko do wymiany.<\/p>\t\t\t\t\t\t\t\t<\/div>\n\t\t\t\t<\/div>\n\t\t\t\t<div class=\"elementor-element elementor-element-ccd6a86 elementor-widget elementor-widget-image\" data-id=\"ccd6a86\" data-element_type=\"widget\" data-widget_type=\"image.default\">\n\t\t\t\t<div class=\"elementor-widget-container\">\n\t\t\t\t\t\t\t\t\t\t\t\t\t\t\t<img loading=\"lazy\" decoding=\"async\" width=\"800\" height=\"600\" src=\"https:\/\/regeneracjawalownapedowych.skydoo.com.pl\/wp-content\/uploads\/2024\/01\/zaspawany-krzyzak.jpg\" class=\"attachment-large size-large wp-image-173\" alt=\"\" srcset=\"https:\/\/regeneracjawalownapedowych.skydoo.com.pl\/wp-content\/uploads\/2024\/01\/zaspawany-krzyzak.jpg 800w, https:\/\/regeneracjawalownapedowych.skydoo.com.pl\/wp-content\/uploads\/2024\/01\/zaspawany-krzyzak-300x225.jpg 300w, https:\/\/regeneracjawalownapedowych.skydoo.com.pl\/wp-content\/uploads\/2024\/01\/zaspawany-krzyzak-768x576.jpg 768w\" sizes=\"(max-width: 800px) 100vw, 800px\" \/>\t\t\t\t\t\t\t\t\t\t\t\t\t\t\t<\/div>\n\t\t\t\t<\/div>\n\t\t\t\t<div class=\"elementor-element elementor-element-1a1443d elementor-widget elementor-widget-text-editor\" data-id=\"1a1443d\" data-element_type=\"widget\" data-widget_type=\"text-editor.default\">\n\t\t\t\t<div class=\"elementor-widget-container\">\n\t\t\t\t\t\t\t\t\t<p><strong>Wymiana krzy\u017caka Mercedes Vito,<\/strong><\/p><p><strong>Wymiana krzy\u017caka Mercedes Sprinter,<\/strong><\/p><p><strong>Wymiana krzy\u017caka VW Crafter,<\/strong><\/p><p><strong>Wymiana krzy\u017caka VW LT,<\/strong><\/p><p><strong>Wymiana krzy\u017caka Ford Transit,<\/strong><\/p><p><strong>Wymiana krzy\u017caka Honda CRV,<\/strong><\/p><p><strong>Wymiana krzy\u017caka Honda HRV,<\/strong><\/p><p><strong>Wymiana krzy\u017caka Toyota Rav 4,<\/strong><\/p><p><strong>Wymiana krzy\u017caka BMW,<\/strong><\/p><p><strong>Wymiana krzy\u017caka Mercedes Viano,<\/strong><\/p><p><strong>Wymiana krzy\u017caka Audi,<\/strong><\/p><p><strong>Wymiana krzy\u017caka Suzuki SX4,<\/strong><\/p><p><strong>Wymiana krzy\u017caka Fiat Sedici,<\/strong><\/p><p><strong>Wymiana krzy\u017caka VW Amarok,<\/strong><\/p><p><strong>Wymiana krzy\u017caka Opel Insignia,<\/strong><\/p><p><strong>Wymiana krzy\u017caka Opel Antara,<\/strong><\/p><p><strong>Wymiana krzy\u017caka Opel Captiva,<\/strong><\/p><p><strong>Wymiana krzy\u017caka Subaru Outback,<\/strong><\/p><p><strong>Wymiana krzy\u017caka Subaru Forester,<\/strong><\/p><p><strong>Wymiana krzy\u017caka Subaru Legacy,<\/strong><\/p><p><strong>Wymiana krzy\u017caka Subaru Impreza,<\/strong><\/p><p><strong>Wymiana krzy\u017caka Volvo S60\/ S80\/ XC60\/ XC90,<\/strong><\/p><p><strong>Wymiana krzy\u017caka Iveco Daily,<\/strong><\/p><p><strong>Wymiana krzy\u017caka Ford Transit,<\/strong><\/p><p><strong>Wymiana krzy\u017caka Lexus,<\/strong><\/p><p><strong>Wymiana krzy\u017caka Mazda,<\/strong><\/p><p><strong>Wymiana krzy\u017caka Nissan X-trail,<\/strong><\/p><p><strong>Wymiana krzy\u017caka Nissan Qashqai,<\/strong><\/p><p><strong>Wymiana krzy\u017caka Dacia Duster,<\/strong><\/p><p><strong>Wymiana krzy\u017caka Renault Scenic,<\/strong><\/p><p><strong>Wymiana krzy\u017caka Renault Kangoo,<\/strong><\/p><p><strong>Wymiana krzy\u017caka Renault Kadjar,<\/strong><\/p><p><strong>Wymiana krzy\u017caka Renault Kaleos,<\/strong><\/p><p><strong>Wymiana krzy\u017caka Hyundai,<\/strong><\/p><p><strong>Wymiana krzy\u017caka Suzuki Grand Vitara,<\/strong><\/p><p><strong>Wymiana krzy\u017caka\u00a0<\/strong><strong>Jeep Cherokee,<\/strong><\/p><p><strong>Wymiana krzy\u017caka Jeep Wrangler.<\/strong><\/p>\t\t\t\t\t\t\t\t<\/div>\n\t\t\t\t<\/div>\n\t\t\t\t\t<\/div>\n\t\t\t\t<\/div>\n\t\t<div class=\"elementor-element elementor-element-171f2cd e-flex e-con-boxed e-con e-parent\" data-id=\"171f2cd\" data-element_type=\"container\">\n\t\t\t\t\t<div class=\"e-con-inner\">\n\t\t\t\t<div class=\"elementor-element elementor-element-b6305f8 elementor-widget-divider--view-line elementor-widget elementor-widget-divider\" data-id=\"b6305f8\" data-element_type=\"widget\" data-widget_type=\"divider.default\">\n\t\t\t\t<div class=\"elementor-widget-container\">\n\t\t\t\t\t\t\t<div class=\"elementor-divider\">\n\t\t\t<span class=\"elementor-divider-separator\">\n\t\t\t\t\t\t<\/span>\n\t\t<\/div>\n\t\t\t\t\t\t<\/div>\n\t\t\t\t<\/div>\n\t\t\t\t<div class=\"elementor-element elementor-element-80d74a4 link elementor-widget elementor-widget-text-editor\" data-id=\"80d74a4\" data-element_type=\"widget\" data-widget_type=\"text-editor.default\">\n\t\t\t\t<div class=\"elementor-widget-container\">\n\t\t\t\t\t\t\t\t\t<div class=\"container\"><div class=\"container\"><div class=\"container\"><div>Zagniatanie krzy\u017cak\u00f3w, wymiana krzy\u017cak\u00f3w zaprasowanych, vito, crafter, sprinter, transit, honda crv, toyota rav 4, mercedes g klasa.<\/div><\/div><footer class=\"footer\"><div class=\"container\">\u00a0<\/div><\/footer><\/div><footer class=\"footer\"><div class=\"container\">\u00a0<\/div><\/footer><\/div><footer class=\"footer\"><div class=\"container\">\u00a0<\/div><\/footer>\t\t\t\t\t\t\t\t<\/div>\n\t\t\t\t<\/div>\n\t\t\t\t\t<\/div>\n\t\t\t\t<\/div>\n\t\t\t\t<\/div>\n\t\t","protected":false},"excerpt":{"rendered":"<p>Zagniatanie krzy\u017cak\u00f3w w wa\u0142ach nap\u0119dowych Cardana. Regeneracja dr\u0105\u017ck\u00f3w kolumny kierowniczej. Wymiana krzy\u017cak\u00f3w zaprasowanych. Coraz cz\u0119\u015bciej krzy\u017caki w wale kardana i dr\u0105\u017ckach kolumny kierowniczej zamiast tradycyjnym pier\u015bcieniem segera zabezpieczane s\u0105 poprzez zagniatanie (stemplowanie, zaklepanie)\u00a0np. Mercedes Vito, Mercedes Sprinter, VW Crafter, Ford Transit, Honda CRV, Toyota Rav 4. Zagniatany jest nie krzy\u017cak lecz ucho wa\u0142u kardana, w [&hellip;]<\/p>\n","protected":false},"author":1,"featured_media":0,"parent":0,"menu_order":0,"comment_status":"closed","ping_status":"closed","template":"elementor_header_footer","meta":{"footnotes":""},"class_list":["post-32","page","type-page","status-publish","hentry"],"_links":{"self":[{"href":"https:\/\/regeneracjawalownapedowych.skydoo.com.pl\/index.php?rest_route=\/wp\/v2\/pages\/32","targetHints":{"allow":["GET"]}}],"collection":[{"href":"https:\/\/regeneracjawalownapedowych.skydoo.com.pl\/index.php?rest_route=\/wp\/v2\/pages"}],"about":[{"href":"https:\/\/regeneracjawalownapedowych.skydoo.com.pl\/index.php?rest_route=\/wp\/v2\/types\/page"}],"author":[{"embeddable":true,"href":"https:\/\/regeneracjawalownapedowych.skydoo.com.pl\/index.php?rest_route=\/wp\/v2\/users\/1"}],"replies":[{"embeddable":true,"href":"https:\/\/regeneracjawalownapedowych.skydoo.com.pl\/index.php?rest_route=%2Fwp%2Fv2%2Fcomments&post=32"}],"version-history":[{"count":13,"href":"https:\/\/regeneracjawalownapedowych.skydoo.com.pl\/index.php?rest_route=\/wp\/v2\/pages\/32\/revisions"}],"predecessor-version":[{"id":303,"href":"https:\/\/regeneracjawalownapedowych.skydoo.com.pl\/index.php?rest_route=\/wp\/v2\/pages\/32\/revisions\/303"}],"wp:attachment":[{"href":"https:\/\/regeneracjawalownapedowych.skydoo.com.pl\/index.php?rest_route=%2Fwp%2Fv2%2Fmedia&parent=32"}],"curies":[{"name":"wp","href":"https:\/\/api.w.org\/{rel}","templated":true}]}}