{"id":22,"date":"2024-01-04T10:19:27","date_gmt":"2024-01-04T10:19:27","guid":{"rendered":"https:\/\/regeneracjawalownapedowych.skydoo.com.pl\/?page_id=22"},"modified":"2024-01-04T15:10:20","modified_gmt":"2024-01-04T15:10:20","slug":"o-nas","status":"publish","type":"page","link":"https:\/\/regeneracjawalownapedowych.skydoo.com.pl\/","title":{"rendered":"O nas"},"content":{"rendered":"\t\t<div data-elementor-type=\"wp-page\" data-elementor-id=\"22\" class=\"elementor elementor-22\" data-elementor-post-type=\"page\">\n\t\t\t\t<div class=\"elementor-element elementor-element-52123a1 e-flex e-con-boxed e-con e-parent\" data-id=\"52123a1\" data-element_type=\"container\">\n\t\t\t\t\t<div class=\"e-con-inner\">\n\t\t\t\t<div class=\"elementor-element elementor-element-28ca2c5 elementor-widget elementor-widget-heading\" data-id=\"28ca2c5\" data-element_type=\"widget\" data-widget_type=\"heading.default\">\n\t\t\t\t<div class=\"elementor-widget-container\">\n\t\t\t\t\t<h2 class=\"elementor-heading-title elementor-size-default\">Wa\u0142y nap\u0119dowe - wywa\u017canie - naprawa - produkcja - regeneracja.\n\n<\/h2>\t\t\t\t<\/div>\n\t\t\t\t<\/div>\n\t\t\t\t<div class=\"elementor-element elementor-element-524d238 elementor-widget elementor-widget-image\" data-id=\"524d238\" data-element_type=\"widget\" data-widget_type=\"image.default\">\n\t\t\t\t<div class=\"elementor-widget-container\">\n\t\t\t\t\t\t\t\t\t\t\t\t\t\t\t<img fetchpriority=\"high\" decoding=\"async\" width=\"800\" height=\"124\" src=\"https:\/\/regeneracjawalownapedowych.skydoo.com.pl\/wp-content\/uploads\/2024\/01\/elementy-walow-1024x159.jpg\" class=\"attachment-large size-large wp-image-85\" alt=\"\" srcset=\"https:\/\/regeneracjawalownapedowych.skydoo.com.pl\/wp-content\/uploads\/2024\/01\/elementy-walow-1024x159.jpg 1024w, https:\/\/regeneracjawalownapedowych.skydoo.com.pl\/wp-content\/uploads\/2024\/01\/elementy-walow-300x47.jpg 300w, https:\/\/regeneracjawalownapedowych.skydoo.com.pl\/wp-content\/uploads\/2024\/01\/elementy-walow-768x119.jpg 768w, https:\/\/regeneracjawalownapedowych.skydoo.com.pl\/wp-content\/uploads\/2024\/01\/elementy-walow-1536x239.jpg 1536w, https:\/\/regeneracjawalownapedowych.skydoo.com.pl\/wp-content\/uploads\/2024\/01\/elementy-walow-2048x319.jpg 2048w\" sizes=\"(max-width: 800px) 100vw, 800px\" \/>\t\t\t\t\t\t\t\t\t\t\t\t\t\t\t<\/div>\n\t\t\t\t<\/div>\n\t\t\t\t<div class=\"elementor-element elementor-element-d406e3f elementor-widget elementor-widget-heading\" data-id=\"d406e3f\" data-element_type=\"widget\" data-widget_type=\"heading.default\">\n\t\t\t\t<div class=\"elementor-widget-container\">\n\t\t\t\t\t<h2 class=\"elementor-heading-title elementor-size-default\">Firma VIP Auto Serwis oferuje klientom z ca\u0142ej Polski regeneracj\u0119 wa\u0142\u00f3w, wywa\u017canie wa\u0142\u00f3w oraz produkcj\u0119 wa\u0142\u00f3w nap\u0119dowych do samochod\u00f3w ci\u0119\u017carowych, dostawczych, osobowych i maszyn. Zajmujemy si\u0119 r\u00f3wnie\u017c serwisem oraz produkcj\u0105 wa\u0142\u00f3w przemys\u0142owych i wa\u0142\u00f3w przegubowo-teleskopowych WOM\/ PTO\/ WPM dla rolnictwa. Posiadamy najwi\u0119ksz\u0105 ofert\u0119 cz\u0119\u015bci do wa\u0142\u00f3w kardana. Posiadamy serwis w \u0141omiankach oraz P\u0142ocku.\n\n\n<\/h2>\t\t\t\t<\/div>\n\t\t\t\t<\/div>\n\t\t\t\t<div class=\"elementor-element elementor-element-3d24d7c elementor-widget elementor-widget-heading\" data-id=\"3d24d7c\" data-element_type=\"widget\" data-widget_type=\"heading.default\">\n\t\t\t\t<div class=\"elementor-widget-container\">\n\t\t\t\t\t<h2 class=\"elementor-heading-title elementor-size-default\">SCANIA, MERCEDES, VOLVO, MAN, DAF, IVECO, JCB, CAT, MANITOU, XCMG, FORD, JEEP, OPEL, RENAULT, NISSAN i inne.\n\n\n\n<\/h2>\t\t\t\t<\/div>\n\t\t\t\t<\/div>\n\t\t\t\t<div class=\"elementor-element elementor-element-321cfd0 elementor-widget elementor-widget-text-editor\" data-id=\"321cfd0\" data-element_type=\"widget\" data-widget_type=\"text-editor.default\">\n\t\t\t\t<div class=\"elementor-widget-container\">\n\t\t\t\t\t\t\t\t\t<p><img decoding=\"async\" class=\"size-medium wp-image-92 alignleft\" src=\"https:\/\/regeneracjawalownapedowych.skydoo.com.pl\/wp-content\/uploads\/2024\/01\/waly_napedowe_plock-300x107.jpg\" alt=\"\" width=\"300\" height=\"107\" srcset=\"https:\/\/regeneracjawalownapedowych.skydoo.com.pl\/wp-content\/uploads\/2024\/01\/waly_napedowe_plock-300x107.jpg 300w, https:\/\/regeneracjawalownapedowych.skydoo.com.pl\/wp-content\/uploads\/2024\/01\/waly_napedowe_plock-1024x367.jpg 1024w, https:\/\/regeneracjawalownapedowych.skydoo.com.pl\/wp-content\/uploads\/2024\/01\/waly_napedowe_plock-768x275.jpg 768w, https:\/\/regeneracjawalownapedowych.skydoo.com.pl\/wp-content\/uploads\/2024\/01\/waly_napedowe_plock.jpg 1150w\" sizes=\"(max-width: 300px) 100vw, 300px\" \/><\/p><p>Wa\u0142y nap\u0119dowe kardana &#8211; wywa\u017canie &#8211; naprawa &#8211; produkcja &#8211; regeneracja.\u00a0<strong>Produkujemy, dokonujemy napraw oraz modyfikacji wa\u0142\u00f3w nap\u0119dowych wed\u0142ug dostarczonego przez klienta wzoru lub rysunku.<\/strong>\u00a0Regenerujemy tak\u017ce przemys\u0142owe wa\u0142y nap\u0119dowe, wa\u0142y przegubowo-teleskopowe PTO oraz dr\u0105\u017cki kolumny kierowniczej. Nasi pracownicy posiadaj\u0105 kilkunastoletnie do\u015bwiadczenie w zakresie serwisowania wa\u0142\u00f3w p\u0119dnych. Dysponujemy najnowocze\u015bniejszymi technologiami gwarantuj\u0105cymi najwy\u017cszy standard produkcji i regeneracji wa\u0142\u00f3w p\u0119dnych. Wa\u0142y wywa\u017camy na nowoczesnej komputerowej wywa\u017carce uznanego na ca\u0142ym \u015bwiecie producenta firmy Cimat. Posiadamy profesjonaln\u0105 sterowan\u0105 elektronicznie spawalnic\u0119. Wszystkie us\u0142ugi, kt\u00f3re wykonujemy obj\u0119te s\u0105 gwarancj\u0105. Produkcja wa\u0142\u00f3w nap\u0119dowych to nasza specjalizacja. Produkujemy pojedy\u0144cze wa\u0142y nap\u0119dowe oraz du\u017ce serie.<\/p><p><strong>Zawsze gwarantujemy konkurencyjne ceny regeneracji i produkcji wa\u0142\u00f3w nap\u0119dowych.<\/strong>\u00a0Zgodnie z \u017cyczeniem klienta do naprawy wa\u0142u nap\u0119dowego stosujemy cz\u0119\u015bci oryginalne lub ta\u0144sze zamienniki.\u00a0Stusujemy najlepszej jako\u015bci cz\u0119\u015bci zamienne: Tirsan Kardan, Dana Spicer, INA, Driveshaft Parts, Matsuba Japan, Klein, Kanca, F\u0141T Kra\u015bnik, IFA Kardan Germany, SKF, Welte ESD, Timken, GMB.<\/p><p><strong>Ceny nowych wa\u0142\u00f3w Cardana w serwisie ASO zaczynaj\u0105 si\u0119 od kilku tysi\u0119cy. Koszt regeneracji jest niepor\u00f3wnywalnie ni\u017cszy.<\/strong>\u00a0Serwisy autoryzowane cz\u0119sto nie oferuj\u0105 wymiany poszczeg\u00f3lnych element\u00f3w jak podpora, przegub czy krzy\u017cak. U nas te cz\u0119\u015bci s\u0105 dost\u0119pne i posiadamy wiedz\u0119 jak je wymieni\u0107.<\/p>\t\t\t\t\t\t\t\t<\/div>\n\t\t\t\t<\/div>\n\t\t\t\t<div class=\"elementor-element elementor-element-f705e75 link elementor-widget elementor-widget-heading\" data-id=\"f705e75\" data-element_type=\"widget\" data-widget_type=\"heading.default\">\n\t\t\t\t<div class=\"elementor-widget-container\">\n\t\t\t\t\t<h2 class=\"elementor-heading-title elementor-size-default\">Obs\u0142ugujemy klient\u00f3w z ca\u0142ej Polski. Aby wyceni\u0107 koszt wys\u0142ania wa\u0142u do nas i zam\u00f3wi\u0107 kuriera wystarczy wej\u015b\u0107 na <a href=\"https:\/\/furgonetka.pl\/\">www.furgonetka.pl<\/a><\/h2>\t\t\t\t<\/div>\n\t\t\t\t<\/div>\n\t\t\t\t<div class=\"elementor-element elementor-element-dd8101a elementor-widget elementor-widget-image\" data-id=\"dd8101a\" data-element_type=\"widget\" data-widget_type=\"image.default\">\n\t\t\t\t<div class=\"elementor-widget-container\">\n\t\t\t\t\t\t\t\t\t\t\t\t\t\t\t<img decoding=\"async\" width=\"800\" height=\"294\" src=\"https:\/\/regeneracjawalownapedowych.skydoo.com.pl\/wp-content\/uploads\/2024\/01\/czesci-walow-napedowych-Euro-Driveshafts-1024x376.jpg\" class=\"attachment-large size-large wp-image-99\" alt=\"\" srcset=\"https:\/\/regeneracjawalownapedowych.skydoo.com.pl\/wp-content\/uploads\/2024\/01\/czesci-walow-napedowych-Euro-Driveshafts-1024x376.jpg 1024w, https:\/\/regeneracjawalownapedowych.skydoo.com.pl\/wp-content\/uploads\/2024\/01\/czesci-walow-napedowych-Euro-Driveshafts-300x110.jpg 300w, https:\/\/regeneracjawalownapedowych.skydoo.com.pl\/wp-content\/uploads\/2024\/01\/czesci-walow-napedowych-Euro-Driveshafts-768x282.jpg 768w, https:\/\/regeneracjawalownapedowych.skydoo.com.pl\/wp-content\/uploads\/2024\/01\/czesci-walow-napedowych-Euro-Driveshafts-1536x564.jpg 1536w, https:\/\/regeneracjawalownapedowych.skydoo.com.pl\/wp-content\/uploads\/2024\/01\/czesci-walow-napedowych-Euro-Driveshafts.jpg 1650w\" sizes=\"(max-width: 800px) 100vw, 800px\" \/>\t\t\t\t\t\t\t\t\t\t\t\t\t\t\t<\/div>\n\t\t\t\t<\/div>\n\t\t\t\t<div class=\"elementor-element elementor-element-9f5384d elementor-widget elementor-widget-text-editor\" data-id=\"9f5384d\" data-element_type=\"widget\" data-widget_type=\"text-editor.default\">\n\t\t\t\t<div class=\"elementor-widget-container\">\n\t\t\t\t\t\t\t\t\t<p>Wsp\u00f3\u0142pracujemy z najwi\u0119kszym sk\u0142adem cz\u0119\u015bci zamiennych do wa\u0142\u00f3w p\u0119dnych w Polsce. Dzi\u0119ki temu gwarantujemy najni\u017csz\u0105 cen\u0119 a czas naprawy wa\u0142u mo\u017cemy skr\u00f3ci\u0107 do minimum.\u00a0<strong>Wi\u0119kszo\u015b\u0107 wa\u0142\u00f3w nap\u0119dowych jeste\u015bmy w stanie zregenerowa\u0107 w ci\u0105gu jednego dnia.\u00a0<\/strong>Obs\u0142ugujemy klient\u00f3w z Warszawy i okolic, woj. Mazowieckiego oraz ca\u0142ej Polski.<\/p><p>Wa\u0142y nap\u0119dowe do regeneracji mo\u017cna dostarczy\u0107 do nas wymontowane lub um\u00f3wi\u0107 si\u0119 na wizyt\u0119 w naszym serwisie na konkretny termin. W trakcie wizyty w naszym serwisie nasi mechanicy sprawdz\u0105 stan wa\u0142u nap\u0119dowego, wymontuj\u0105 wa\u0142 je\u015bli wymaga naprawy, zregeneruj\u0105, zamontuj\u0105 oraz przeprowadz\u0105 jazd\u0119 pr\u00f3bn\u0105.<\/p>\t\t\t\t\t\t\t\t<\/div>\n\t\t\t\t<\/div>\n\t\t\t\t\t<\/div>\n\t\t\t\t<\/div>\n\t\t<div class=\"elementor-element elementor-element-29f1089 e-flex e-con-boxed e-con e-parent\" data-id=\"29f1089\" data-element_type=\"container\">\n\t\t\t\t\t<div class=\"e-con-inner\">\n\t\t<div class=\"elementor-element elementor-element-ba9fda1 e-con-full e-flex e-con e-child\" data-id=\"ba9fda1\" data-element_type=\"container\">\n\t\t\t\t<div class=\"elementor-element elementor-element-6ffe721 elementor-widget elementor-widget-text-editor\" data-id=\"6ffe721\" data-element_type=\"widget\" data-widget_type=\"text-editor.default\">\n\t\t\t\t<div class=\"elementor-widget-container\">\n\t\t\t\t\t\t\t\t\t<p><strong>Regenerujemy, produkujemy i wywa\u017camy wa\u0142y nap\u0119dowe do:<\/strong><\/p><ul><li>samochod\u00f3w ci\u0119\u017carowych,<\/li><li>samochod\u00f3w dostawczych,<\/li><li>samochod\u00f3w terenowych,<\/li><li>samochod\u00f3w osobowych,<\/li><li>autobus\u00f3w,<\/li><li>pojazd\u00f3w szynowych,<\/li><li>maszyn rolniczych,<\/li><li>wozide\u0142,<\/li><li>urz\u0105dze\u0144 hutniczych i kopalnianych,<\/li><li>przemys\u0142u,<\/li><li>kompresor\u00f3w wydmuchu,<\/li><li>cystern,<\/li><li>koparek,<\/li><li>\u0142adowarek,<\/li><li>wa\u0142y przegubowo-teleskopowe PTO\/ WOM\/ WPM.<\/li><\/ul>\t\t\t\t\t\t\t\t<\/div>\n\t\t\t\t<\/div>\n\t\t\t\t<\/div>\n\t\t<div class=\"elementor-element elementor-element-6f2785f e-con-full e-flex e-con e-child\" data-id=\"6f2785f\" data-element_type=\"container\">\n\t\t\t\t<div class=\"elementor-element elementor-element-bd645f7 elementor-widget elementor-widget-image\" data-id=\"bd645f7\" data-element_type=\"widget\" data-widget_type=\"image.default\">\n\t\t\t\t<div class=\"elementor-widget-container\">\n\t\t\t\t\t\t\t\t\t\t\t\t\t\t\t<img loading=\"lazy\" decoding=\"async\" width=\"725\" height=\"480\" src=\"https:\/\/regeneracjawalownapedowych.skydoo.com.pl\/wp-content\/uploads\/2024\/01\/wal-pracujacy-1.gif\" class=\"attachment-large size-large wp-image-100\" alt=\"\" \/>\t\t\t\t\t\t\t\t\t\t\t\t\t\t\t<\/div>\n\t\t\t\t<\/div>\n\t\t\t\t<\/div>\n\t\t\t\t\t<\/div>\n\t\t\t\t<\/div>\n\t\t<div class=\"elementor-element elementor-element-d0001d5 e-flex e-con-boxed e-con e-parent\" data-id=\"d0001d5\" data-element_type=\"container\">\n\t\t\t\t\t<div class=\"e-con-inner\">\n\t\t\t\t<div class=\"elementor-element elementor-element-dfaef0d elementor-widget elementor-widget-text-editor\" data-id=\"dfaef0d\" data-element_type=\"widget\" data-widget_type=\"text-editor.default\">\n\t\t\t\t<div class=\"elementor-widget-container\">\n\t\t\t\t\t\t\t\t\t<p><strong>Naprawione i wyprodukowane przez nas wa\u0142y p\u0119dne sprawdzi\u0142y si\u0119 pracuj\u0105c w najci\u0119\u017cszych warunkach takich jak rajdy offroad, budowa dr\u00f3g, kopalnie, cementownie, transport mi\u0119dzynarodowy, hutnictwo, przemys\u0142 papierniczy.<\/strong><\/p>\t\t\t\t\t\t\t\t<\/div>\n\t\t\t\t<\/div>\n\t\t\t\t<div class=\"elementor-element elementor-element-e302e8b elementor-widget elementor-widget-image\" data-id=\"e302e8b\" data-element_type=\"widget\" data-widget_type=\"image.default\">\n\t\t\t\t<div class=\"elementor-widget-container\">\n\t\t\t\t\t\t\t\t\t\t\t\t\t\t\t<img loading=\"lazy\" decoding=\"async\" width=\"800\" height=\"239\" src=\"https:\/\/regeneracjawalownapedowych.skydoo.com.pl\/wp-content\/uploads\/2024\/01\/waly-kardana-1024x306.jpg\" class=\"attachment-large size-large wp-image-104\" alt=\"\" srcset=\"https:\/\/regeneracjawalownapedowych.skydoo.com.pl\/wp-content\/uploads\/2024\/01\/waly-kardana-1024x306.jpg 1024w, https:\/\/regeneracjawalownapedowych.skydoo.com.pl\/wp-content\/uploads\/2024\/01\/waly-kardana-300x90.jpg 300w, https:\/\/regeneracjawalownapedowych.skydoo.com.pl\/wp-content\/uploads\/2024\/01\/waly-kardana-768x230.jpg 768w, https:\/\/regeneracjawalownapedowych.skydoo.com.pl\/wp-content\/uploads\/2024\/01\/waly-kardana.jpg 1131w\" sizes=\"(max-width: 800px) 100vw, 800px\" \/>\t\t\t\t\t\t\t\t\t\t\t\t\t\t\t<\/div>\n\t\t\t\t<\/div>\n\t\t\t\t<div class=\"elementor-element elementor-element-362774c elementor-widget elementor-widget-text-editor\" data-id=\"362774c\" data-element_type=\"widget\" data-widget_type=\"text-editor.default\">\n\t\t\t\t<div class=\"elementor-widget-container\">\n\t\t\t\t\t\t\t\t\t<p><strong>Oferujemy us\u0142ug\u0119 dynamicznego wywa\u017cania wa\u0142\u00f3w nap\u0119dowych dowolnej d\u0142ugo\u015bci<\/strong>. Wa\u0142y wywa\u017cane s\u0105 bardzo precyzyjnie w kilku zakresach pr\u0119dko\u015bci obrotowej. \u200bDok\u0142adno\u015b\u0107 wywa\u017cenia to 1 gram.\u00a0Wywa\u017canie i naprawa wa\u0142\u00f3w nap\u0119dowych Warszawa. Regeneracja wa\u0142\u00f3w nap\u0119dowych dla przemys\u0142u oraz dr\u0105\u017ck\u00f3w kolumny kierowniczej.<\/p>\t\t\t\t\t\t\t\t<\/div>\n\t\t\t\t<\/div>\n\t\t\t\t<div class=\"elementor-element elementor-element-f5301e9 elementor-widget elementor-widget-image\" data-id=\"f5301e9\" data-element_type=\"widget\" data-widget_type=\"image.default\">\n\t\t\t\t<div class=\"elementor-widget-container\">\n\t\t\t\t\t\t\t\t\t\t\t\t\t\t\t<img loading=\"lazy\" decoding=\"async\" width=\"800\" height=\"484\" src=\"https:\/\/regeneracjawalownapedowych.skydoo.com.pl\/wp-content\/uploads\/2024\/01\/wywazarka-walow-napedowych-Cimat-1024x620.jpg\" class=\"attachment-large size-large wp-image-106\" alt=\"\" srcset=\"https:\/\/regeneracjawalownapedowych.skydoo.com.pl\/wp-content\/uploads\/2024\/01\/wywazarka-walow-napedowych-Cimat-1024x620.jpg 1024w, https:\/\/regeneracjawalownapedowych.skydoo.com.pl\/wp-content\/uploads\/2024\/01\/wywazarka-walow-napedowych-Cimat-300x182.jpg 300w, https:\/\/regeneracjawalownapedowych.skydoo.com.pl\/wp-content\/uploads\/2024\/01\/wywazarka-walow-napedowych-Cimat-768x465.jpg 768w, https:\/\/regeneracjawalownapedowych.skydoo.com.pl\/wp-content\/uploads\/2024\/01\/wywazarka-walow-napedowych-Cimat.jpg 1534w\" sizes=\"(max-width: 800px) 100vw, 800px\" \/>\t\t\t\t\t\t\t\t\t\t\t\t\t\t\t<\/div>\n\t\t\t\t<\/div>\n\t\t\t\t<div class=\"elementor-element elementor-element-e8ccb44 elementor-widget elementor-widget-text-editor\" data-id=\"e8ccb44\" data-element_type=\"widget\" data-widget_type=\"text-editor.default\">\n\t\t\t\t<div class=\"elementor-widget-container\">\n\t\t\t\t\t\t\t\t\t<p>Do spawania wa\u0142\u00f3w u\u017cywamy sprz\u0119tu najwy\u017cszej klasy. Spawalnica automatyczna z precyzyjnym, sterowanym elektronicznie nap\u0119dem zapewnia r\u00f3wny i wytrzyma\u0142y spaw.\u00a0<\/p>\t\t\t\t\t\t\t\t<\/div>\n\t\t\t\t<\/div>\n\t\t\t\t<div class=\"elementor-element elementor-element-ae5abc0 elementor-widget elementor-widget-image\" data-id=\"ae5abc0\" data-element_type=\"widget\" data-widget_type=\"image.default\">\n\t\t\t\t<div class=\"elementor-widget-container\">\n\t\t\t\t\t\t\t\t\t\t\t\t\t\t\t<img loading=\"lazy\" decoding=\"async\" width=\"800\" height=\"535\" src=\"https:\/\/regeneracjawalownapedowych.skydoo.com.pl\/wp-content\/uploads\/2024\/01\/spawanie-walow-1024x685.jpg\" class=\"attachment-large size-large wp-image-107\" alt=\"\" srcset=\"https:\/\/regeneracjawalownapedowych.skydoo.com.pl\/wp-content\/uploads\/2024\/01\/spawanie-walow-1024x685.jpg 1024w, https:\/\/regeneracjawalownapedowych.skydoo.com.pl\/wp-content\/uploads\/2024\/01\/spawanie-walow-300x201.jpg 300w, https:\/\/regeneracjawalownapedowych.skydoo.com.pl\/wp-content\/uploads\/2024\/01\/spawanie-walow-768x514.jpg 768w, https:\/\/regeneracjawalownapedowych.skydoo.com.pl\/wp-content\/uploads\/2024\/01\/spawanie-walow.jpg 1120w\" sizes=\"(max-width: 800px) 100vw, 800px\" \/>\t\t\t\t\t\t\t\t\t\t\t\t\t\t\t<\/div>\n\t\t\t\t<\/div>\n\t\t\t\t<div class=\"elementor-element elementor-element-b1776ac elementor-widget elementor-widget-text-editor\" data-id=\"b1776ac\" data-element_type=\"widget\" data-widget_type=\"text-editor.default\">\n\t\t\t\t<div class=\"elementor-widget-container\">\n\t\t\t\t\t\t\t\t\t<p>Wa\u0142y nap\u0119dowe kardana &#8211; wywa\u017canie &#8211; naprawa &#8211; produkcja &#8211; regeneracja. Regeneracja dr\u0105\u017ck\u00f3w kolumny kierowniczej. Serwis przemys\u0142owych wa\u0142\u00f3w kardana. Produkcja wa\u0142\u00f3w przegubowo-teleskopowych WOM\/ PTO\/ WPM.<\/p>\t\t\t\t\t\t\t\t<\/div>\n\t\t\t\t<\/div>\n\t\t\t\t<div class=\"elementor-element elementor-element-8708a88 elementor-widget elementor-widget-image\" data-id=\"8708a88\" data-element_type=\"widget\" data-widget_type=\"image.default\">\n\t\t\t\t<div class=\"elementor-widget-container\">\n\t\t\t\t\t\t\t\t\t\t\t\t\t\t\t<img loading=\"lazy\" decoding=\"async\" width=\"800\" height=\"396\" src=\"https:\/\/regeneracjawalownapedowych.skydoo.com.pl\/wp-content\/uploads\/2024\/01\/wal-przegubowo-teleskowpowy-wom-pto-wpm-1024x507.jpg\" class=\"attachment-large size-large wp-image-108\" alt=\"\" srcset=\"https:\/\/regeneracjawalownapedowych.skydoo.com.pl\/wp-content\/uploads\/2024\/01\/wal-przegubowo-teleskowpowy-wom-pto-wpm-1024x507.jpg 1024w, https:\/\/regeneracjawalownapedowych.skydoo.com.pl\/wp-content\/uploads\/2024\/01\/wal-przegubowo-teleskowpowy-wom-pto-wpm-300x149.jpg 300w, https:\/\/regeneracjawalownapedowych.skydoo.com.pl\/wp-content\/uploads\/2024\/01\/wal-przegubowo-teleskowpowy-wom-pto-wpm-768x380.jpg 768w, https:\/\/regeneracjawalownapedowych.skydoo.com.pl\/wp-content\/uploads\/2024\/01\/wal-przegubowo-teleskowpowy-wom-pto-wpm.jpg 1026w\" sizes=\"(max-width: 800px) 100vw, 800px\" \/>\t\t\t\t\t\t\t\t\t\t\t\t\t\t\t<\/div>\n\t\t\t\t<\/div>\n\t\t\t\t<div class=\"elementor-element elementor-element-612ceec link elementor-widget elementor-widget-text-editor\" data-id=\"612ceec\" data-element_type=\"widget\" data-widget_type=\"text-editor.default\">\n\t\t\t\t<div class=\"elementor-widget-container\">\n\t\t\t\t\t\t\t\t\t<p><strong>Dla klient\u00f3w spoza \u0141omianek oferujemy serwis wa\u0142\u00f3w p\u0119dnych &#8222;drzwi do drzwi&#8221;\u00a0<\/strong>tzn. po wst\u0119pnym ustaleniu zakresu prac klient za po\u015brednictwem kuriera dostarcza do nas wa\u0142 nap\u0119dowy. Po wykonaniu naprawy, wa\u0142 nap\u0119dowy odsy\u0142amy na wskazany adres. Koszt przesy\u0142ki ustalany jest indywidualnie &#8211; uzale\u017cniony jest od wagi i d\u0142ugo\u015bci wa\u0142u nap\u0119dowego. Wa\u0142 kardana do naprawy mo\u017cna do nas r\u00f3wnie\u017c dostarczy\u0107 we w\u0142asnym zakresie.<strong>\u00a0<\/strong>Aby wys\u0142a\u0107 do nas wa\u0142 proponujemy u\u017cy\u0107<strong>\u00a0<a href=\"http:\/\/www.furgonetka.pl\/\" target=\"_blank\" rel=\"noopener\">www.furgonetka.pl<\/a><\/strong><\/p>\t\t\t\t\t\t\t\t<\/div>\n\t\t\t\t<\/div>\n\t\t\t\t<div class=\"elementor-element elementor-element-74ec560 link elementor-widget elementor-widget-text-editor\" data-id=\"74ec560\" data-element_type=\"widget\" data-widget_type=\"text-editor.default\">\n\t\t\t\t<div class=\"elementor-widget-container\">\n\t\t\t\t\t\t\t\t\t<p><strong>Us\u0142ugi naprawy i wywa\u017cania wa\u0142\u00f3w p\u0119dnych Cardana \u015bwiadczymy dla klient\u00f3w detalicznych i hurtowych z ca\u0142ej Polski m.in.:<\/strong>\u00a0Warszawa, \u0141omianki, Krak\u00f3w, \u0141\u00f3d\u017a, Wroc\u0142aw, Pozna\u0144, Gda\u0144sk, Szczecin, Bydgoszcz, Lublin, Katowice, Bia\u0142ystok, Gdynia, Cz\u0119stochowa, Radom, Sosnowiec, Toru\u0144, Kielce, Rzesz\u00f3w, Gliwice, Zabrze, Olsztyn, Bielsko-Bia\u0142a, Bytom, Ruda \u015al\u0105ska, Rybnik, Zielona G\u00f3ra, Tychy, Gorz\u00f3w Wielkopolski, D\u0105browa G\u00f3rnicza, Elbl\u0105g, P\u0142ock, Opole, Wa\u0142brzych, W\u0142oc\u0142awek, Tarn\u00f3w, Chorz\u00f3w, Koszalin, Kalisz, Legnica, Grudzi\u0105dz, Jaworzno, S\u0142upsk, Jastrz\u0119bie-Zdr\u00f3j, Nowy S\u0105cz, Jelenia G\u00f3ra, Siedlce, Konin, Piotrk\u00f3w Trybunalski, Mys\u0142owice, Inowroc\u0142aw, Pi\u0142a, Lubin, Ostr\u00f3w Wielkopolski, Ostrowiec \u015awi\u0119tokrzyski, Gniezno, Suwa\u0142ki, Stargard Szczeci\u0144ski, G\u0142og\u00f3w, Siemianowice \u015al\u0105skie, Pabianice, Zamo\u015b\u0107, Che\u0142m, Leszno, Tomasz\u00f3w Mazowiecki, Przemy\u015bl, Stalowa Wola, K\u0119dzierzyn-Ko\u017ale, \u0141om\u017ca, \u017bory, Tarnowskie G\u00f3ry, Mielec, Tczew, E\u0142k, Pruszk\u00f3w, Piast\u00f3w, Be\u0142chat\u00f3w, \u015awidnica, B\u0119dzin, Bia\u0142a Podlaska, Zgierz, Piekary \u015al\u0105skie, Racib\u00f3rz, Legionowo, Ostro\u0142\u0119ka, \u015awi\u0119toch\u0142owice, Zawiercie, Starachowice, Wejherowo, Pu\u0142awy, Wodzis\u0142aw \u015al\u0105ski, Skierniewice, Starogard Gda\u0144ski, Tarnobrzeg, Rumia, Radomsko, Skar\u017cysko-Kamienna, Krosno, Ko\u0142obrzeg, D\u0119bica, Piaseczno, Kutno, Otwock, Nysa, Ciechan\u00f3w, Zdu\u0144ska Wola, Sieradz, \u015awinouj\u015bcie, \u017byrard\u00f3w, Szczecinek, Mi\u0144sk Mazowiecki, \u015awidnik, Chojnice, Miko\u0142\u00f3w, Nowa S\u00f3l, Boles\u0142awiec, O\u015bwi\u0119cim, Malbork, Knur\u00f3w, Sanok, Jaros\u0142aw, Kwidzyn, \u017bary, Chrzan\u00f3w, Sopot, Wo\u0142omin, Ole\u015bnica, Babice, Sochaczew, Brzeg, Olkusz, Jas\u0142o, Cieszyn, Czechowice-Dziedzice, Kra\u015bnik, L\u0119bork, O\u017car\u00f3w Mazowiecki, Dzier\u017coni\u00f3w, Ostr\u00f3da, Nowy Targ, Police, I\u0142awa, Z\u0105bki, Czelad\u017a, Myszk\u00f3w, O\u0142awa, \u017bywiec, Zgorzelec, Swarz\u0119dz, Bielawa, M\u0142awa, Lubo\u0144, \u0141uk\u00f3w, August\u00f3w, Grodzisk Mazowiecki, B\u0142onie, Gr\u00f3jec, Bochnia, \u015arem, Gi\u017cycko, Wrze\u015bnia, Marki, Krotoszyn, Pruszcz Gda\u0144ski, \u0141owicz, Brodnica, Nowy Dw\u00f3r Mazowiecki, P\u0142o\u0144sk itd.<\/p>\t\t\t\t\t\t\t\t<\/div>\n\t\t\t\t<\/div>\n\t\t\t\t<div class=\"elementor-element elementor-element-ad6be09 elementor-widget-divider--view-line elementor-widget elementor-widget-divider\" data-id=\"ad6be09\" data-element_type=\"widget\" data-widget_type=\"divider.default\">\n\t\t\t\t<div class=\"elementor-widget-container\">\n\t\t\t\t\t\t\t<div class=\"elementor-divider\">\n\t\t\t<span class=\"elementor-divider-separator\">\n\t\t\t\t\t\t<\/span>\n\t\t<\/div>\n\t\t\t\t\t\t<\/div>\n\t\t\t\t<\/div>\n\t\t\t\t<div class=\"elementor-element elementor-element-4c84e2a link elementor-widget elementor-widget-text-editor\" data-id=\"4c84e2a\" data-element_type=\"widget\" data-widget_type=\"text-editor.default\">\n\t\t\t\t<div class=\"elementor-widget-container\">\n\t\t\t\t\t\t\t\t\t<p>Wa\u0142y nap\u0119dowe, wywa\u017canie wa\u0142\u00f3w nap\u0119dowych Warszawa, naprawa wa\u0142\u00f3w nap\u0119dowych, wa\u0142 p\u0119dny, wa\u0142y kardana, wa\u0142 cardana Mercedes Sprinter, wa\u0142 nap\u0119dowy Mercedes Vito, wa\u0142 nap\u0119dowy Ford Transit, wa\u0142 nap\u0119dowy VW Crafter, wa\u0142 nap\u0119dowy VW Touareg, wa\u0142 nap\u0119dowy Porsche Cayenne, wa\u0142 nap\u0119dowy Renault Scenic, krzy\u017cak p\u00f3\u0142osi Kramer. Regeneracja dr\u0105\u017cka kolumny kierowniczej.<\/p>\t\t\t\t\t\t\t\t<\/div>\n\t\t\t\t<\/div>\n\t\t\t\t\t<\/div>\n\t\t\t\t<\/div>\n\t\t\t\t<\/div>\n\t\t","protected":false},"excerpt":{"rendered":"<p>Wa\u0142y nap\u0119dowe &#8211; wywa\u017canie &#8211; naprawa &#8211; produkcja &#8211; regeneracja. Firma VIP Auto Serwis oferuje klientom z ca\u0142ej Polski regeneracj\u0119 wa\u0142\u00f3w, wywa\u017canie wa\u0142\u00f3w oraz produkcj\u0119 wa\u0142\u00f3w nap\u0119dowych do samochod\u00f3w ci\u0119\u017carowych, dostawczych, osobowych i maszyn. Zajmujemy si\u0119 r\u00f3wnie\u017c serwisem oraz produkcj\u0105 wa\u0142\u00f3w przemys\u0142owych i wa\u0142\u00f3w przegubowo-teleskopowych WOM\/ PTO\/ WPM dla rolnictwa. Posiadamy najwi\u0119ksz\u0105 ofert\u0119 cz\u0119\u015bci do [&hellip;]<\/p>\n","protected":false},"author":1,"featured_media":0,"parent":0,"menu_order":0,"comment_status":"closed","ping_status":"closed","template":"elementor_header_footer","meta":{"footnotes":""},"class_list":["post-22","page","type-page","status-publish","hentry"],"_links":{"self":[{"href":"https:\/\/regeneracjawalownapedowych.skydoo.com.pl\/index.php?rest_route=\/wp\/v2\/pages\/22","targetHints":{"allow":["GET"]}}],"collection":[{"href":"https:\/\/regeneracjawalownapedowych.skydoo.com.pl\/index.php?rest_route=\/wp\/v2\/pages"}],"about":[{"href":"https:\/\/regeneracjawalownapedowych.skydoo.com.pl\/index.php?rest_route=\/wp\/v2\/types\/page"}],"author":[{"embeddable":true,"href":"https:\/\/regeneracjawalownapedowych.skydoo.com.pl\/index.php?rest_route=\/wp\/v2\/users\/1"}],"replies":[{"embeddable":true,"href":"https:\/\/regeneracjawalownapedowych.skydoo.com.pl\/index.php?rest_route=%2Fwp%2Fv2%2Fcomments&post=22"}],"version-history":[{"count":34,"href":"https:\/\/regeneracjawalownapedowych.skydoo.com.pl\/index.php?rest_route=\/wp\/v2\/pages\/22\/revisions"}],"predecessor-version":[{"id":290,"href":"https:\/\/regeneracjawalownapedowych.skydoo.com.pl\/index.php?rest_route=\/wp\/v2\/pages\/22\/revisions\/290"}],"wp:attachment":[{"href":"https:\/\/regeneracjawalownapedowych.skydoo.com.pl\/index.php?rest_route=%2Fwp%2Fv2%2Fmedia&parent=22"}],"curies":[{"name":"wp","href":"https:\/\/api.w.org\/{rel}","templated":true}]}}